{"id":68,"date":"2018-08-26T22:59:33","date_gmt":"2018-08-26T22:59:33","guid":{"rendered":"http:\/\/lamar.larp.pro\/?page_id=68"},"modified":"2019-09-23T00:16:40","modified_gmt":"2019-09-23T00:16:40","slug":"denny","status":"publish","type":"page","link":"https:\/\/lamar.larp.pro\/?page_id=68","title":{"rendered":"Einmal geht"},"content":{"rendered":"<p>Ist eines der Mitglieder welches nicht seid Anfang an unter dem Jolly mit der Shisha segelt&#8230;.doch wie alles begann&#8230;<img loading=\"lazy\" decoding=\"async\" class=\"size-full wp-image-62 alignright\" src=\"http:\/\/lamar.larp.pro\/wp-content\/uploads\/2018\/08\/no.jpg\" alt=\"\" width=\"170\" height=\"239\" \/><br \/>\nEs schrieb das Jahr 218 in Whenua, eine lange \u00dcberfahrt zwischen den Landen Mythosvera und Whenua hat die Crew \u00fcberwunden und so befahl der Kapit\u00e4n zu den Tagen der Tapferkeit einen Landgang von unvorstellbaren Eskalationen <img decoding=\"async\" class=\"_1ift _2560 img\" src=\"https:\/\/static.xx.fbcdn.net\/images\/emoji.php\/v9\/f34\/1\/16\/1f914.png\" alt=\"?\" \/>.<\/p>\n<p>Hai Happen, Abby und Quest besuchten wie gewohnt die Gr\u00fcne Raupe auf eine Shisha und begegneten dort einen sehr unentschlossenen Jungen Mann welcher nicht wusste ob er seine gerade frisch servierte Shisha alleine genie\u00dfen sollte oder sie mit der Crew teilen m\u00f6chte. Nach kurzer \u00dcberlegung waren seine ersten Worte gegen\u00fcber der Trio. \u201eEinmal Geht\u201c worauf sich Quest vorstellte \u201eFreut mich Einmal Geht, ich bin Quest, das ist Abby und er ist Hai Happen\u201c Uhhh Ahh Ahh!<\/p>\n<p>Einmal geht, ist sein Motto und so lebt er auch. Er sagt immer zu und verweigert selten nur die Hilfe. So ein Mann mit Prinzipien, welcher nun ein Teil des Schiff, Teil der Crew ist!<\/p>\n","protected":false},"excerpt":{"rendered":"<p>Ist eines der Mitglieder welches nicht seid Anfang an unter dem Jolly mit der Shisha segelt&#8230;.doch wie alles begann&#8230; Es schrieb das Jahr 218 in Whenua, eine lange \u00dcberfahrt zwischen den Landen Mythosvera und Whenua hat die Crew \u00fcberwunden und so befahl der Kapit\u00e4n zu den Tagen der Tapferkeit einen Landgang von unvorstellbaren Eskalationen &#8230;. <\/p>\n<div class=\"read-more navbutton\"><a href=\"https:\/\/lamar.larp.pro\/?page_id=68\">Read More<i class=\"fa fa-angle-double-right\"><\/i><\/a><\/div>\n","protected":false},"author":1,"featured_media":0,"parent":90,"menu_order":0,"comment_status":"closed","ping_status":"closed","template":"","meta":{"footnotes":""},"class_list":["post-68","page","type-page","status-publish","hentry"],"_links":{"self":[{"href":"https:\/\/lamar.larp.pro\/index.php?rest_route=\/wp\/v2\/pages\/68","targetHints":{"allow":["GET"]}}],"collection":[{"href":"https:\/\/lamar.larp.pro\/index.php?rest_route=\/wp\/v2\/pages"}],"about":[{"href":"https:\/\/lamar.larp.pro\/index.php?rest_route=\/wp\/v2\/types\/page"}],"author":[{"embeddable":true,"href":"https:\/\/lamar.larp.pro\/index.php?rest_route=\/wp\/v2\/users\/1"}],"replies":[{"embeddable":true,"href":"https:\/\/lamar.larp.pro\/index.php?rest_route=%2Fwp%2Fv2%2Fcomments&post=68"}],"version-history":[{"count":3,"href":"https:\/\/lamar.larp.pro\/index.php?rest_route=\/wp\/v2\/pages\/68\/revisions"}],"predecessor-version":[{"id":112,"href":"https:\/\/lamar.larp.pro\/index.php?rest_route=\/wp\/v2\/pages\/68\/revisions\/112"}],"up":[{"embeddable":true,"href":"https:\/\/lamar.larp.pro\/index.php?rest_route=\/wp\/v2\/pages\/90"}],"wp:attachment":[{"href":"https:\/\/lamar.larp.pro\/index.php?rest_route=%2Fwp%2Fv2%2Fmedia&parent=68"}],"curies":[{"name":"wp","href":"https:\/\/api.w.org\/{rel}","templated":true}]}}